nd b?
5
Let y(w) = 6*w + 7 - 9*w + 4*w. Let h be y(-8). Let t be h - 162/2*-1. What is the highest common divisor of 10 and t?
10
Suppose -3*l - 9 = -4*h, -5*h - 10 + 28 = 3*l. Suppose -71 = 8*r - 127. What is the highest common divisor of l and r?
1
Let f(z) = -z + 12. Let d be f(8). Suppose 2*l - d*l = -56. Suppose 5*k - 122 = l. Calculate the highest common factor of 5 and k.
5
Suppose 44*a = 49*a - 35. What is the greatest common divisor of a and 49?
7
Let h = 297 + -243. Calculate the greatest common factor of h and 36.
18
Let n = -136 + 158. What is the highest common factor of n and 4?
2
Let z(v) = 8*v - 22. Let y = 33 + -24. Let x be z(y). What is the highest common divisor of x and 25?
25
Suppose g = 5*l, -5*g - 5*l + 9*l = 0. Suppose g = -5*s + 3*s + 280. What is the greatest common divisor of s and 20?
20
Suppose 4*c + 0*l - 5*l - 679 = 0, -5*c + 5*l + 850 = 0. Suppose -21 = 6*v - c. What is the highest common divisor of 275 and v?
25
Suppose 5*y - 13 = -3*z + 3*y, -5*y + 22 = -3*z. Let l be z*((0 - 1) + 36). Suppose 44 - 660 = -44*f. Calculate the greatest common factor of l and f.
7
Let p(d) = 0*d + 0*d - 7 - 3*d - d. Let z be p(-18). Calculate the highest common divisor of 26 and z.
13
Let q = 359 + -205. Let m = q - 88. Suppose -m = 3*l - 4*l. What is the highest common divisor of 22 and l?
22
Suppose -3*a + 258 = 3*q, q - 446 = -4*q - a. Let z be (35/(-28))/((-2)/8). Let w be (-4 - 0)*z/(-2). What is the greatest common factor of w and q?
10
Let w(q) = -101*q - 258. Let y be w(-10). What is the highest common divisor of 47 and y?
47
Let b(p) = p**2 - 25*p + 135. Let u be b(7). What is the highest common factor of u and 81?
9
Suppose 846 = 2*t + 4*f, -2*f = 3*t - 5*t + 846. Let g = t + -247. What is the greatest common divisor of 16 and g?
16
Suppose 0*n + 2*n - 4 = 0. Suppose -32 = -n*h - 2*h. Suppose -4*z + 51 = f, 5*f - h = 7. What is the greatest common divisor of z and 12?
12
Let v(g) = 2*g + 27. Suppose -58 - 39 = -5*z + u, 0 = 4*z - 4*u - 84. Let d be v(z). What is the highest common divisor of d and 39?
13
Suppose 33*o + 5 - 1391 = 0. What is the greatest common divisor of o and 63?
21
Let k(b) = -b**3 + 6*b**2 + 2*b + 4. Let m be k(6). Calculate the highest common divisor of 72 and m.
8
Let a = -5756 - -5833. Suppose 4*g - 28 = 16. What is the greatest common divisor of a and g?
11
Let x be (119/21)/((-1)/(-3)). Let f = 95 + 24. What is the highest common factor of f and x?
17
Let f(x) = -x**2 - 23*x. Let m be f(-10). Suppose -m + 4 = -6*u. Calculate the greatest common factor of u and 3.
3
Suppose 0 = -2*n - s - s + 34, 0 = 4*s - 12. What is the greatest common divisor of n and 70?
14
Let b be 56/35*(-5)/(-2). Suppose b*v = 41 - 5. Let r(y) = 2*y**2 - 16*y - 9. Let n be r(9). Calculate the highest common divisor of n and v.
9
Suppose -277*c + 283*c = 120. Calculate the highest common divisor of c and 15.
5
Suppose 10*k - 19 = r, 2*r - 23 - 11 = -4*k. Suppose -2*j = 3*s + j + 339, 2*j = -s - 113. Let g = -14 - s. What is the highest common factor of g and r?
11
Let j(a) = a**3 + 67*a**2 - 66*a + 216. Let d be j(-68). Calculate the greatest common divisor of 520 and d.
40
Let r = -501 - -561. What is the highest common divisor of r and 3840?
60
Let k(f) = -169*f + 18. Let s be k(-1). What is the highest common factor of 51 and s?
17
Suppose -3 = -g, -2*g - 47 - 83 = -4*w. Suppose -22*m + 3*k - 132 = -25*m, 4*k + 181 = 3*m. What is the highest common factor of w and m?
17
Let r be (-10080)/(-200)*10/6. Calculate the greatest common divisor of r and 63.
21
Suppose -3*a = 32 - 59. Let h = 37 - a. What is the greatest common factor of h and 84?
28
Suppose -505 = -3*p + 2*d, -5*p - d = -83 - 776. What is the greatest common factor of 228 and p?
57
Let f = -24 - -26. Suppose 4*m = l + 24, m = f*m - 4*l - 21. Suppose -2*t + 6 = -v - 4, -4*t = -4*v - 20. What is the highest common divisor of t and m?
5
Let x = 542 + -484. What is the greatest common divisor of x and 377?
29
Let u be ((-6)/9)/((-2)/15). Let b = u - -27. What is the highest common divisor of b and 48?
16
Suppose 34*h - 1082 - 40 = 0. Calculate the greatest common divisor of 891 and h.
33
Suppose -76 + 46 = -5*l. What is the highest common divisor of 24 and l?
6
Let y = -325 - -342. What is the highest common factor of y and 68?
17
Suppose 365 = -p + 5*p - 5*f, 0 = 5*p - 5*f - 455. Calculate the greatest common divisor of 225 and p.
45
Suppose 2*g - 98 = 5*i, 51 = -2*i + 55. What is the greatest common factor of 27 and g?
27
Let q(r) = 2 - 4 + 1 + 0*r**2 + r**2 + 2*r**3. Let m be q(-1). Let x = 13 + m. Calculate the highest common factor of x and 77.
11
Let c(q) = 4*q**2 - 39*q. Let j be c(10). Calculate the highest common divisor of 3 and j.
1
Let f(y) = y**3 + 14*y**2 - 3*y - 20. Let o be f(-14). Calculate the highest common factor of o and 242.
22
Let f(g) = 12*g + 267. Let t be f(-11). What is the greatest common divisor of t and 378?
27
Suppose -2*m + 4*h = -2856, 5*m + 0*h - 3*h - 7112 = 0. Calculate the highest common factor of m and 71.
71
Let f(z) = -z**3 + 3*z**2 - z + 1862. Let k be f(0). What is the highest common factor of 98 and k?
98
Suppose 32 = 3*i - 4*w + 194, 0 = -5*w. Let k = 76 + i. What is the highest common factor of k and 176?
22
Suppose 0 = -3*i - 2*x - 4, 5*i - 4*x - x = 10. Suppose -144 = -i*s - 3*s. What is the highest common divisor of 24 and s?
24
Suppose -4*o + 33 = 1. Suppose 4 = -o*h + 10*h. Suppose -2*d + 3*r + 0*r + 4 = 0, -8 = -h*r. Calculate the highest common factor of d and 8.
8
Let g = 365 + 5. Calculate the highest common factor of 20 and g.
10
Suppose 24*s - 22780 = 4*s. Calculate the highest common factor of s and 67.
67
Suppose -3*q + 4186 = 5*k, 11*k - 9*k = 4*q - 5538. Calculate the greatest common factor of q and 73.
73
Let i(s) = -67*s + 895. Let x be i(5). What is the greatest common factor of x and 5?
5
Let m be (-4)/10 + 877/5. Let i be 12/10*m/14. Let s be (7/3 - 24/18) + 4. Calculate the highest common divisor of s and i.
5
Let i(g) = -3*g - 3. Let z be i(-2). Suppose 4*u - 6 = -h, z*h - 82 = 6*u - 2*u. What is the greatest common factor of h and 33?
11
Let b = -811 + 847. What is the highest common divisor of 450 and b?
18
Suppose f - 4*p - 333 = 0, -2*f - 4*p = -2*p - 646. Let b = 3 + f. What is the greatest common divisor of 41 and b?
41
Let v = -444 - -459. What is the greatest common divisor of 480 and v?
15
Let q(l) = l**2 - 5*l + 31. Suppose -11*w - 13 = -12*w. Let z be q(w). Calculate the greatest common factor of 27 and z.
27
Let t(x) = -x**3 + 2*x**2 + 5*x - 2. Let h be t(3). Suppose -m - 4*u + 23 = 0, u = -h*m - 0*u + 17. What is the highest common divisor of m and 3?
3
Suppose -12 = -2*x + h - 0, -3*h - 1 = -x. What is the greatest common factor of 497 and x?
7
Let l = 27 - -1. Suppose -13 - 51 = -4*m. Suppose 4*d = w + 4*w - m, 4*w - 17 = -d. What is the highest common divisor of w and l?
4
Suppose 22 - 187 = -11*m. Let h be -12*(-2)/(-4)*-1. Calculate the greatest common divisor of h and m.
3
Let n(x) = -x**2 + x - 2. Let m be n(-2). Let q be 4/m + 322/4. Calculate the greatest common factor of q and 20.
20
Let g be (-4)/((-16)/180) + -1. Suppose 3*t - 5*s + 8 = 2*t, -5*t + 4*s = -g. Calculate the highest common factor of 108 and t.
12
Let n be (-72602)/(-1426) + 6/69. What is the greatest common divisor of 425 and n?
17
Suppose 0 = 4*o + 4, 2*u - 6*u - 4*o = -152. Calculate the greatest common divisor of u and 312.
39
Let b be 14*(6/(-21) - 12/(-21)). Let u be (-1 + -3)*-1 + b. Calculate the highest common factor of 72 and u.
8
Let g(u) = -u**2 - 5*u + 1. Let s be g(-4). Suppose -s*b - 4 = -7*b. Calculate the highest common divisor of 26 and b.
2
Let u(j) = -j**3 - j**2 + 3*j - 44. Let d be u(-8). Calculate the highest common divisor of 20 and d.
20
Suppose -4891 = -24*o - 571. What is the highest common factor of 40 and o?
20
Let h(m) = -14 + 21 - 7 + 3*m. Let x be h(5). What is the highest common divisor of x and 15?
15
Let g(h) = -19*h - 224. Let u be g(-12). Calculate the greatest common factor of u and 50.
2
Let j be (-4)/(-14) + (-744)/(-42). Calculate the highest common divisor of j and 36.
18
Let r(f) = -f**3 - 12*f**2 - 26*f + 4. Let a be r(-10). What is the greatest common factor of 